{"id":2352,"date":"2021-10-28T10:42:25","date_gmt":"2021-10-28T13:42:25","guid":{"rendered":"https:\/\/isfdalmafuerte-bue.infd.edu.ar\/sitio\/?page_id=2352"},"modified":"2021-10-28T10:42:35","modified_gmt":"2021-10-28T13:42:35","slug":"viaje-a-tigre","status":"publish","type":"page","link":"https:\/\/isfdalmafuerte-bue.infd.edu.ar\/sitio\/viaje-a-tigre\/","title":{"rendered":"Viaje a Tigre"},"content":{"rendered":"\n<p>Los a\u00f1os 2013 y 2017 se realizaron viajes al delta de Tigre. En ese contexto, se visitaron escuelas de isla, se conoci\u00f3 la casa de Sarmiento y se desarrollaron experiencias formativas varias en \u00e1mbitos naturales \u00fanicos.  Este es el audiovisual que documenta la visita de 2017:<\/p>\n\n\n\n<figure class=\"wp-block-embed is-type-video is-provider-youtube wp-block-embed-youtube wp-embed-aspect-16-9 wp-has-aspect-ratio\"><div class=\"wp-block-embed__wrapper\">\n<iframe loading=\"lazy\" title=\"Viaje Educativo: Tigre 2017 \/ ISFD Almafuerte - Proyecto institucional &quot;\u00bfVamos?&quot;\" width=\"1200\" height=\"675\" src=\"https:\/\/www.youtube.com\/embed\/41WfaEK7lVA?feature=oembed\" frameborder=\"0\" allow=\"accelerometer; autoplay; clipboard-write; encrypted-media; gyroscope; picture-in-picture\" allowfullscreen><\/iframe>\n<\/div><\/figure>\n","protected":false},"excerpt":{"rendered":"<p>Los a\u00f1os 2013 y 2017 se realizaron viajes al delta de Tigre. En ese contexto, se visitaron escuelas de isla, se conoci\u00f3 la casa de Sarmiento y se desarrollaron experiencias formativas varias en \u00e1mbitos naturales \u00fanicos. Este es el audiovisual que documenta la visita de 2017:<\/p>\n","protected":false},"author":1269,"featured_media":0,"parent":0,"menu_order":0,"comment_status":"closed","ping_status":"closed","template":"","meta":[],"acf":[],"_links":{"self":[{"href":"https:\/\/isfdalmafuerte-bue.infd.edu.ar\/sitio\/wp-json\/wp\/v2\/pages\/2352"}],"collection":[{"href":"https:\/\/isfdalmafuerte-bue.infd.edu.ar\/sitio\/wp-json\/wp\/v2\/pages"}],"about":[{"href":"https:\/\/isfdalmafuerte-bue.infd.edu.ar\/sitio\/wp-json\/wp\/v2\/types\/page"}],"author":[{"embeddable":true,"href":"https:\/\/isfdalmafuerte-bue.infd.edu.ar\/sitio\/wp-json\/wp\/v2\/users\/1269"}],"replies":[{"embeddable":true,"href":"https:\/\/isfdalmafuerte-bue.infd.edu.ar\/sitio\/wp-json\/wp\/v2\/comments?post=2352"}],"version-history":[{"count":1,"href":"https:\/\/isfdalmafuerte-bue.infd.edu.ar\/sitio\/wp-json\/wp\/v2\/pages\/2352\/revisions"}],"predecessor-version":[{"id":2353,"href":"https:\/\/isfdalmafuerte-bue.infd.edu.ar\/sitio\/wp-json\/wp\/v2\/pages\/2352\/revisions\/2353"}],"wp:attachment":[{"href":"https:\/\/isfdalmafuerte-bue.infd.edu.ar\/sitio\/wp-json\/wp\/v2\/media?parent=2352"}],"curies":[{"name":"wp","href":"https:\/\/api.w.org\/{rel}","templated":true}]}}