{"id":2317,"date":"2021-10-28T09:54:14","date_gmt":"2021-10-28T12:54:14","guid":{"rendered":"https:\/\/isfdalmafuerte-bue.infd.edu.ar\/sitio\/?page_id=2317"},"modified":"2021-10-28T09:54:16","modified_gmt":"2021-10-28T12:54:16","slug":"edicion-2015","status":"publish","type":"page","link":"https:\/\/isfdalmafuerte-bue.infd.edu.ar\/sitio\/edicion-2015\/","title":{"rendered":"Edici\u00f3n 2015"},"content":{"rendered":"\n<p>En 2015, en \u201cM\u00e1s ac\u00e1 de los derechos, m\u00e1s ac\u00e1 de la cultura\u201d, se analiz\u00f3 la relaci\u00f3n de la comunidad gitana (rrom) con la educaci\u00f3n estatal. Las estudiantes realizaron entrevistas y observaciones en dos escuelas primarias y en dos CENS de la ciudad de Mar del Plata donde asisten ni\u00f1os y j\u00f3venes de dicha comunidad. Se filmaron y grabaron relatos de directivos, docentes, bibliotecarios, equipos de orientaci\u00f3n escolar y estudiantes rrom. Los resultados se presentaron en Chapadmalal por medio de un video que contrapone distintos puntos de vista frente al ausentismo escolar, el trabajo infantil y los casamientos arreglados de las ni\u00f1as y los ni\u00f1os gitanos. La problem\u00e1tica analizada advierte sobre los l\u00edmites de la interculturalidad cuando se parte de una conceptualizaci\u00f3n de las identidades culturales como est\u00e1ticas y totalizadoras.&nbsp;<em>&nbsp;<\/em>La naturalizaci\u00f3n de la desescolarizaci\u00f3n de los gitanos por parte de las instituciones educativas facilita la violaci\u00f3n de los derechos de esos ni\u00f1os. Al mismo tiempo, el sistema educativo estatal s\u00f3lo contempla la conformaci\u00f3n de escuelas interculturales biling\u00fces para los pueblos originarios. La cultura que transmite el Estado es extranjera para los rrom. Para \u00e9stos, la escuela oficial no ofrece educaci\u00f3n para sus hijos. En los par\u00e1metros de la cultura gitana, la&nbsp;escolarizaci\u00f3n no coincide con la educaci\u00f3n. La relevancia de este problema nos llev\u00f3 a presentarlo en las jornadas institucionales del ISFD 19, durante 2016.<\/p>\n\n\n\n<figure class=\"wp-block-embed is-type-rich is-provider-gestor-del-servicio wp-block-embed-gestor-del-servicio wp-embed-aspect-16-9 wp-has-aspect-ratio\"><div class=\"wp-block-embed__wrapper\">\n<iframe loading=\"lazy\" title=\"M\u00e1s all\u00e1 de la cultura, m\u00e1s ac\u00e1 de los derechos. ISFD Almafuerte\" width=\"1200\" height=\"675\" src=\"https:\/\/www.youtube.com\/embed\/vhoFa1Kk138?feature=oembed\" frameborder=\"0\" allow=\"accelerometer; autoplay; clipboard-write; encrypted-media; gyroscope; picture-in-picture\" allowfullscreen><\/iframe>\n<\/div><\/figure>\n","protected":false},"excerpt":{"rendered":"<p>En 2015, en \u201cM\u00e1s ac\u00e1 de los derechos, m\u00e1s ac\u00e1 de la cultura\u201d, se analiz\u00f3 la relaci\u00f3n de la comunidad gitana (rrom) con la educaci\u00f3n estatal. Las estudiantes realizaron entrevistas y observaciones en dos escuelas primarias y en dos CENS de la ciudad de Mar del Plata donde asisten ni\u00f1os y j\u00f3venes de dicha comunidad. &#8230; <a title=\"Edici\u00f3n 2015\" class=\"read-more\" href=\"https:\/\/isfdalmafuerte-bue.infd.edu.ar\/sitio\/edicion-2015\/\" aria-label=\"More on Edici\u00f3n 2015\">[+]<\/a><\/p>\n","protected":false},"author":140,"featured_media":0,"parent":0,"menu_order":0,"comment_status":"closed","ping_status":"closed","template":"","meta":[],"acf":[],"_links":{"self":[{"href":"https:\/\/isfdalmafuerte-bue.infd.edu.ar\/sitio\/wp-json\/wp\/v2\/pages\/2317"}],"collection":[{"href":"https:\/\/isfdalmafuerte-bue.infd.edu.ar\/sitio\/wp-json\/wp\/v2\/pages"}],"about":[{"href":"https:\/\/isfdalmafuerte-bue.infd.edu.ar\/sitio\/wp-json\/wp\/v2\/types\/page"}],"author":[{"embeddable":true,"href":"https:\/\/isfdalmafuerte-bue.infd.edu.ar\/sitio\/wp-json\/wp\/v2\/users\/140"}],"replies":[{"embeddable":true,"href":"https:\/\/isfdalmafuerte-bue.infd.edu.ar\/sitio\/wp-json\/wp\/v2\/comments?post=2317"}],"version-history":[{"count":1,"href":"https:\/\/isfdalmafuerte-bue.infd.edu.ar\/sitio\/wp-json\/wp\/v2\/pages\/2317\/revisions"}],"predecessor-version":[{"id":2323,"href":"https:\/\/isfdalmafuerte-bue.infd.edu.ar\/sitio\/wp-json\/wp\/v2\/pages\/2317\/revisions\/2323"}],"wp:attachment":[{"href":"https:\/\/isfdalmafuerte-bue.infd.edu.ar\/sitio\/wp-json\/wp\/v2\/media?parent=2317"}],"curies":[{"name":"wp","href":"https:\/\/api.w.org\/{rel}","templated":true}]}}