{"id":2310,"date":"2021-10-28T09:46:39","date_gmt":"2021-10-28T12:46:39","guid":{"rendered":"https:\/\/isfdalmafuerte-bue.infd.edu.ar\/sitio\/?page_id=2310"},"modified":"2021-10-28T09:46:40","modified_gmt":"2021-10-28T12:46:40","slug":"edicion-2018","status":"publish","type":"page","link":"https:\/\/isfdalmafuerte-bue.infd.edu.ar\/sitio\/edicion-2018\/","title":{"rendered":"Edici\u00f3n 2018"},"content":{"rendered":"\n<p>En el a\u00f1o 2018 el proyecto se llam\u00f3 \u201c<em>\u00bf<\/em><em>Baby shower en la escuela? Embarazo adolescente, derechos y educaci\u00f3n<\/em>\u201d. En esa ocasi\u00f3n se&nbsp;busc\u00f3 identificar y visibilizar diferentes situaciones, en instituciones educativas de la ciudad de Mar del Plata, en donde los derechos de adolescentes embarazadas son vulnerados, principalmente el derecho a la educaci\u00f3n. A su vez se problematizaron los discursos que apelan a la culpabilidad y victimizaci\u00f3n de las adolescentes, como as\u00ed tambi\u00e9n la mala o nula implementaci\u00f3n de la ley ESI (26.150). En el marco de esta ley se entiende por educaci\u00f3n sexual integral la que articula aspectos biol\u00f3gicos, psicol\u00f3gicos, sociales, afectivos y \u00e9ticos. Sin embargo, en algunas instituciones educativas de nuestra ciudad sigue circulando una concepci\u00f3n de sexualidad biologicista, donde las relaciones sexuales son entendidas s\u00f3lo con fines reproductivos, y medicalizada, que supone que el objetivo de la escuela debe ser la prevenci\u00f3n. En las escuelas primarias, esto se ve agravado porque la no implementaci\u00f3n se sustenta en una mirada de la infancia como no sexuada hasta la pubertad. En esta ocasi\u00f3n, se entrevist\u00f3 a equipos directivos y de orientaci\u00f3n escolar de diferentes escuelas primarias y secundarias de la ciudad, una m\u00e9dica del Hospital materno Infantil y a adolescentes embarazadas. Tambi\u00e9n se trabaj\u00f3 a partir de noticias period\u00edsticas de medios locales. El producto final fue un fanzine elaborado por las estudiantes que se reparti\u00f3 al p\u00fablico presente en el cierre de J\u00f3venes y Memoria en Chapadmalal.<\/p>\n\n\n\n<div class=\"wp-block-image\"><figure class=\"aligncenter\"><a href=\"https:\/\/issuu.com\/tallerjovenesymemoriaalmafuerte\/docs\/fanzine_issuu1\"><img decoding=\"async\" loading=\"lazy\" width=\"953\" height=\"559\" src=\"https:\/\/isfdalmafuerte-bue.infd.edu.ar\/sitio\/wp-content\/uploads\/2020\/12\/fanzine.png\" alt=\"\" class=\"wp-image-2023\" srcset=\"https:\/\/isfdalmafuerte-bue.infd.edu.ar\/sitio\/wp-content\/uploads\/2020\/12\/fanzine.png 953w, https:\/\/isfdalmafuerte-bue.infd.edu.ar\/sitio\/wp-content\/uploads\/2020\/12\/fanzine-768x450.png 768w\" sizes=\"(max-width: 953px) 100vw, 953px\" \/><\/a><\/figure><\/div>\n\n\n\n<p>\u00ab\u00bf\u00a1Baby shower en la escuela!?\u00bb \u2013&nbsp;<a href=\"https:\/\/issuu.com\/tallerjovenesymemoriaalmafuerte\/docs\/fanzine_issuu1\">https:\/\/issuu.com\/tallerjovenesymemoriaalmafuerte\/docs\/fanzine_issuu1<\/a><\/p>\n","protected":false},"excerpt":{"rendered":"<p>En el a\u00f1o 2018 el proyecto se llam\u00f3 \u201c\u00bfBaby shower en la escuela? Embarazo adolescente, derechos y educaci\u00f3n\u201d. En esa ocasi\u00f3n se&nbsp;busc\u00f3 identificar y visibilizar diferentes situaciones, en instituciones educativas de la ciudad de Mar del Plata, en donde los derechos de adolescentes embarazadas son vulnerados, principalmente el derecho a la educaci\u00f3n. A su vez &#8230; <a title=\"Edici\u00f3n 2018\" class=\"read-more\" href=\"https:\/\/isfdalmafuerte-bue.infd.edu.ar\/sitio\/edicion-2018\/\" aria-label=\"More on Edici\u00f3n 2018\">[+]<\/a><\/p>\n","protected":false},"author":1269,"featured_media":0,"parent":0,"menu_order":0,"comment_status":"closed","ping_status":"closed","template":"","meta":[],"acf":[],"_links":{"self":[{"href":"https:\/\/isfdalmafuerte-bue.infd.edu.ar\/sitio\/wp-json\/wp\/v2\/pages\/2310"}],"collection":[{"href":"https:\/\/isfdalmafuerte-bue.infd.edu.ar\/sitio\/wp-json\/wp\/v2\/pages"}],"about":[{"href":"https:\/\/isfdalmafuerte-bue.infd.edu.ar\/sitio\/wp-json\/wp\/v2\/types\/page"}],"author":[{"embeddable":true,"href":"https:\/\/isfdalmafuerte-bue.infd.edu.ar\/sitio\/wp-json\/wp\/v2\/users\/1269"}],"replies":[{"embeddable":true,"href":"https:\/\/isfdalmafuerte-bue.infd.edu.ar\/sitio\/wp-json\/wp\/v2\/comments?post=2310"}],"version-history":[{"count":1,"href":"https:\/\/isfdalmafuerte-bue.infd.edu.ar\/sitio\/wp-json\/wp\/v2\/pages\/2310\/revisions"}],"predecessor-version":[{"id":2311,"href":"https:\/\/isfdalmafuerte-bue.infd.edu.ar\/sitio\/wp-json\/wp\/v2\/pages\/2310\/revisions\/2311"}],"wp:attachment":[{"href":"https:\/\/isfdalmafuerte-bue.infd.edu.ar\/sitio\/wp-json\/wp\/v2\/media?parent=2310"}],"curies":[{"name":"wp","href":"https:\/\/api.w.org\/{rel}","templated":true}]}}