{"id":2275,"date":"2021-10-21T10:45:53","date_gmt":"2021-10-21T13:45:53","guid":{"rendered":"https:\/\/isfdalmafuerte-bue.infd.edu.ar\/sitio\/?page_id=2275"},"modified":"2021-10-28T09:42:14","modified_gmt":"2021-10-28T12:42:14","slug":"extension-y-capacitacion-2018","status":"publish","type":"page","link":"https:\/\/isfdalmafuerte-bue.infd.edu.ar\/sitio\/extension-y-capacitacion-2018\/","title":{"rendered":"Extensi\u00f3n y formaci\u00f3n continua 2018"},"content":{"rendered":"\n<p><\/p>\n\n\n\n<p>\u201cHuellas Pedag\u00f3gicas. Revisitando las experiencias del Sistema educativo Municipal\u201d es un proyecto de extensi\u00f3n del ISFD \u201cAlmafuerte\u201d. En \u00e9l se convoc\u00f3 a directivos, docentes y Equipos de Orientaci\u00f3n del Sistema Educativo Municipal a compartir propuestas pedag\u00f3gicas con el objetivo de transformar la cotidianeidad en experiencia<\/p>\n\n\n\n<p>Algunos ejes de trabajo fueron:<br>\u2013 Proyectos donde haya una producci\u00f3n de los estudiantes.<br>\u2013 Proyectos donde la escuela abre sus puertas a la comunidad.<br>\u2013 Experiencias donde los estudiantes asumen un rol profesional (cient\u00edfico, pol\u00edtico, art\u00edstico)<br>\u2013 Experiencias basadas en las tic y la cultura digital<br>\u2013 Articulaci\u00f3n entre niveles<br>\u2013 Salidas educativas<br>\u2013 Otras experiencias que les interese contar.<\/p>\n\n\n\n<figure class=\"wp-block-embed is-type-rich is-provider-gestor-del-servicio wp-block-embed-gestor-del-servicio wp-embed-aspect-16-9 wp-has-aspect-ratio\"><div class=\"wp-block-embed__wrapper\">\n<iframe loading=\"lazy\" title=\"Huellas Pedag\u00f3gicas, proyecto de extensi\u00f3n del &quot;ISFD Almafuerte&quot;\" width=\"1200\" height=\"675\" src=\"https:\/\/www.youtube.com\/embed\/cXrQi38qVW8?feature=oembed\" frameborder=\"0\" allow=\"accelerometer; autoplay; clipboard-write; encrypted-media; gyroscope; picture-in-picture\" allowfullscreen><\/iframe>\n<\/div><\/figure>\n\n\n\n<p>Profesores: David Bressan y Laura Colombo.<\/p>\n","protected":false},"excerpt":{"rendered":"<p>\u201cHuellas Pedag\u00f3gicas. Revisitando las experiencias del Sistema educativo Municipal\u201d es un proyecto de extensi\u00f3n del ISFD \u201cAlmafuerte\u201d. En \u00e9l se convoc\u00f3 a directivos, docentes y Equipos de Orientaci\u00f3n del Sistema Educativo Municipal a compartir propuestas pedag\u00f3gicas con el objetivo de transformar la cotidianeidad en experiencia Algunos ejes de trabajo fueron:\u2013 Proyectos donde haya una producci\u00f3n &#8230; <a title=\"Extensi\u00f3n y formaci\u00f3n continua 2018\" class=\"read-more\" href=\"https:\/\/isfdalmafuerte-bue.infd.edu.ar\/sitio\/extension-y-capacitacion-2018\/\" aria-label=\"More on Extensi\u00f3n y formaci\u00f3n continua 2018\">[+]<\/a><\/p>\n","protected":false},"author":140,"featured_media":0,"parent":0,"menu_order":0,"comment_status":"closed","ping_status":"closed","template":"","meta":[],"acf":[],"_links":{"self":[{"href":"https:\/\/isfdalmafuerte-bue.infd.edu.ar\/sitio\/wp-json\/wp\/v2\/pages\/2275"}],"collection":[{"href":"https:\/\/isfdalmafuerte-bue.infd.edu.ar\/sitio\/wp-json\/wp\/v2\/pages"}],"about":[{"href":"https:\/\/isfdalmafuerte-bue.infd.edu.ar\/sitio\/wp-json\/wp\/v2\/types\/page"}],"author":[{"embeddable":true,"href":"https:\/\/isfdalmafuerte-bue.infd.edu.ar\/sitio\/wp-json\/wp\/v2\/users\/140"}],"replies":[{"embeddable":true,"href":"https:\/\/isfdalmafuerte-bue.infd.edu.ar\/sitio\/wp-json\/wp\/v2\/comments?post=2275"}],"version-history":[{"count":2,"href":"https:\/\/isfdalmafuerte-bue.infd.edu.ar\/sitio\/wp-json\/wp\/v2\/pages\/2275\/revisions"}],"predecessor-version":[{"id":2304,"href":"https:\/\/isfdalmafuerte-bue.infd.edu.ar\/sitio\/wp-json\/wp\/v2\/pages\/2275\/revisions\/2304"}],"wp:attachment":[{"href":"https:\/\/isfdalmafuerte-bue.infd.edu.ar\/sitio\/wp-json\/wp\/v2\/media?parent=2275"}],"curies":[{"name":"wp","href":"https:\/\/api.w.org\/{rel}","templated":true}]}}

Extensión y formación continua 2018

<p></p>



<p>“Huellas Pedagógicas. Revisitando las experiencias del Sistema educativo Municipal” es un proyecto de extensión del ISFD “Almafuerte”. En él se convocó a directivos, docentes y Equipos de Orientación del Sistema Educativo Municipal a compartir propuestas pedagógicas con el objetivo de transformar la cotidianeidad en experiencia</p>



<p>Algunos ejes de trabajo fueron:<br>– Proyectos donde haya una producción de los estudiantes.<br>– Proyectos donde la escuela abre sus puertas a la comunidad.<br>– Experiencias donde los estudiantes asumen un rol profesional (científico, político, artístico)<br>– Experiencias basadas en las tic y la cultura digital<br>– Articulación entre niveles<br>– Salidas educativas<br>– Otras experiencias que les interese contar.</p>



<figure class="wp-block-embed is-type-rich is-provider-gestor-del-servicio wp-block-embed-gestor-del-servicio wp-embed-aspect-16-9 wp-has-aspect-ratio"><div class="wp-block-embed__wrapper">
<iframe loading="lazy" title="Huellas Pedagógicas, proyecto de extensión del &quot;ISFD Almafuerte&quot;" width="1200" height="675" src="https://www.youtube.com/embed/cXrQi38qVW8?feature=oembed" frameborder="0" allow="accelerometer; autoplay; clipboard-write; encrypted-media; gyroscope; picture-in-picture" allowfullscreen></iframe>
</div></figure>



<p>Profesores: David Bressan y Laura Colombo.</p>

<p>“Huellas Pedagógicas. Revisitando las experiencias del Sistema educativo Municipal” es un proyecto de extensión del ISFD “Almafuerte”. En él se convocó a directivos, docentes y Equipos de Orientación del Sistema Educativo Municipal a compartir propuestas pedagógicas con el objetivo de transformar la cotidianeidad en experiencia Algunos ejes de trabajo fueron:– Proyectos donde haya una producción &#8230; <a title="Extensión y formación continua 2018" class="read-more" href="https://isfdalmafuerte-bue.infd.edu.ar/sitio/extension-y-capacitacion-2018/" aria-label="More on Extensión y formación continua 2018">[+]</a></p>
