{"id":2249,"date":"2021-10-21T10:02:58","date_gmt":"2021-10-21T13:02:58","guid":{"rendered":"https:\/\/isfdalmafuerte-bue.infd.edu.ar\/sitio\/?page_id=2249"},"modified":"2022-01-04T17:53:32","modified_gmt":"2022-01-04T20:53:32","slug":"seminarios-institucionales","status":"publish","type":"page","link":"https:\/\/isfdalmafuerte-bue.infd.edu.ar\/sitio\/seminarios-institucionales\/","title":{"rendered":"Seminarios institucionales"},"content":{"rendered":"\n<p>A partir de la implementaci\u00f3n del Dise\u00f1o Curricular para la Formaci\u00f3n Docente de Nivel Primario e inicial (Resoluci\u00f3n 4151\/07) en el a\u00f1o 2008, los seminarios se organizan para contribuir a la formaci\u00f3n de base del estudiantado y para la formaci\u00f3n permanente de equipo docente. <\/p>\n\n\n\n<p>Entre sus prop\u00f3sitos se encuentra la b\u00fasqueda de generar espacios de participaci\u00f3n e intercambio entre docentes , docentes en formaci\u00f3n y especialistas de diversos campos relacionados con la problem\u00e1tica educativa; incentivar la participaci\u00f3n e interacci\u00f3n acad\u00e9mica, en el marco de espacios inclusivos y flexibles; fomentar la formaci\u00f3n permanente y la actualizaci\u00f3n acad\u00e9mica; poner en agenda temas sensibles de la pol\u00edtica educativa, la did\u00e1ctica y las teor\u00edas de la educaci\u00f3n; promover el debate sobre el rol de la escuela en contextos de diversidad y desigualdad sociocultural y sus implicancias pol\u00edticas y sociales.<\/p>\n\n\n\n<p>Los seminarios del ISFD \u00abAlmafuerte\u00bb llevan m\u00e1s de diez a\u00f1os de desarrollo y forman parte de la cultura e identidad institucional. Con tem\u00e1ticas consensuadas por la toda la comunidad educativa, ofrecen un espacio de formaci\u00f3n y actualizaci\u00f3n que ampl\u00eda y complementa las propuestas de ense\u00f1anza que se desarrollan en el marco del Profesorado.<\/p>\n\n\n\n<p><strong>Algunos de los seminarios que han tenido lugar hasta ahora son:<\/strong><\/p>\n\n\n\n<ul><li>Pol\u00edticas de cuidado en la Escuela Primaria (2021)<\/li><li>El Dise\u00f1o Curricular y las pr\u00e1cticas de ense\u00f1anza en el nivel primario (2018)<\/li><li>Pr\u00e1cticas de evaluaci\u00f3n en educaci\u00f3n (2016)<\/li><li>Poniendo al juego en juego (2014)<\/li><li>La escuela y la diversidad, experiencias y posibilidades (2012)<\/li><\/ul>\n\n\n\n<figure class=\"wp-block-table\"><table><tbody><tr><td class=\"has-text-align-center\" data-align=\"center\"><img decoding=\"async\" src=\"https:\/\/isfdalmafuerte-bue.infd.edu.ar\/sitio\/wp-content\/uploads\/2021\/10\/Croce.jpg\" alt=\"\"><\/td><td><\/td><td><\/td><\/tr><\/tbody><\/table><\/figure>\n","protected":false},"excerpt":{"rendered":"<p>A partir de la implementaci\u00f3n del Dise\u00f1o Curricular para la Formaci\u00f3n Docente de Nivel Primario e inicial (Resoluci\u00f3n 4151\/07) en el a\u00f1o 2008, los seminarios se organizan para contribuir a la formaci\u00f3n de base del estudiantado y para la formaci\u00f3n permanente de equipo docente. Entre sus prop\u00f3sitos se encuentra la b\u00fasqueda de generar espacios de &#8230; <a title=\"Seminarios institucionales\" class=\"read-more\" href=\"https:\/\/isfdalmafuerte-bue.infd.edu.ar\/sitio\/seminarios-institucionales\/\" aria-label=\"More on Seminarios institucionales\">[+]<\/a><\/p>\n","protected":false},"author":1269,"featured_media":0,"parent":0,"menu_order":0,"comment_status":"closed","ping_status":"closed","template":"","meta":[],"acf":[],"_links":{"self":[{"href":"https:\/\/isfdalmafuerte-bue.infd.edu.ar\/sitio\/wp-json\/wp\/v2\/pages\/2249"}],"collection":[{"href":"https:\/\/isfdalmafuerte-bue.infd.edu.ar\/sitio\/wp-json\/wp\/v2\/pages"}],"about":[{"href":"https:\/\/isfdalmafuerte-bue.infd.edu.ar\/sitio\/wp-json\/wp\/v2\/types\/page"}],"author":[{"embeddable":true,"href":"https:\/\/isfdalmafuerte-bue.infd.edu.ar\/sitio\/wp-json\/wp\/v2\/users\/1269"}],"replies":[{"embeddable":true,"href":"https:\/\/isfdalmafuerte-bue.infd.edu.ar\/sitio\/wp-json\/wp\/v2\/comments?post=2249"}],"version-history":[{"count":4,"href":"https:\/\/isfdalmafuerte-bue.infd.edu.ar\/sitio\/wp-json\/wp\/v2\/pages\/2249\/revisions"}],"predecessor-version":[{"id":2405,"href":"https:\/\/isfdalmafuerte-bue.infd.edu.ar\/sitio\/wp-json\/wp\/v2\/pages\/2249\/revisions\/2405"}],"wp:attachment":[{"href":"https:\/\/isfdalmafuerte-bue.infd.edu.ar\/sitio\/wp-json\/wp\/v2\/media?parent=2249"}],"curies":[{"name":"wp","href":"https:\/\/api.w.org\/{rel}","templated":true}]}}