{"id":1182,"date":"2018-08-29T19:19:22","date_gmt":"2018-08-29T22:19:22","guid":{"rendered":"https:\/\/isfdalmafuerte-bue.infd.edu.ar\/sitio\/profesorado-de-educacion-primaria\/"},"modified":"2023-03-09T12:46:19","modified_gmt":"2023-03-09T15:46:19","slug":"profesorado-de-educacion-primaria","status":"publish","type":"page","link":"https:\/\/isfdalmafuerte-bue.infd.edu.ar\/sitio\/profesorado-de-educacion-primaria\/","title":{"rendered":"Profesorado de Educaci\u00f3n Primaria"},"content":{"rendered":"<p><img decoding=\"async\" loading=\"lazy\" class=\"aligncenter\" title=\"imagen_practica\" src=\"https:\/\/isfdalmafuerte-bue.infd.edu.ar\/sitio\/wp-content\/uploads\/2018\/08\/practica.jpg\" alt=\"imagen_practica\" width=\"460\" height=\"344\" border=\"0\" \/><\/p>\n<ul>\n<li><a href=\"https:\/\/isfdalmafuerte-bue.infd.edu.ar\/sitio\/informacion-general\/\">Informaci\u00f3n general<\/a><\/li>\n<li><a href=\"https:\/\/isfdalmafuerte-bue.infd.edu.ar\/sitio\/diseno-curricular\/\">Dise\u00f1o curricular<\/a><\/li>\n<li><a href=\"https:\/\/isfdalmafuerte-bue.infd.edu.ar\/sitio\/regimen-de-correlatividades\/\">R\u00e9gimen de correlatividades<\/a><\/li>\n<\/ul>\n\n\n<p><\/p>\n","protected":false},"excerpt":{"rendered":"<p>Informaci\u00f3n general Dise\u00f1o curricular R\u00e9gimen de correlatividades<\/p>\n","protected":false},"author":140,"featured_media":0,"parent":0,"menu_order":0,"comment_status":"closed","ping_status":"closed","template":"","meta":[],"acf":[],"_links":{"self":[{"href":"https:\/\/isfdalmafuerte-bue.infd.edu.ar\/sitio\/wp-json\/wp\/v2\/pages\/1182"}],"collection":[{"href":"https:\/\/isfdalmafuerte-bue.infd.edu.ar\/sitio\/wp-json\/wp\/v2\/pages"}],"about":[{"href":"https:\/\/isfdalmafuerte-bue.infd.edu.ar\/sitio\/wp-json\/wp\/v2\/types\/page"}],"author":[{"embeddable":true,"href":"https:\/\/isfdalmafuerte-bue.infd.edu.ar\/sitio\/wp-json\/wp\/v2\/users\/140"}],"replies":[{"embeddable":true,"href":"https:\/\/isfdalmafuerte-bue.infd.edu.ar\/sitio\/wp-json\/wp\/v2\/comments?post=1182"}],"version-history":[{"count":1,"href":"https:\/\/isfdalmafuerte-bue.infd.edu.ar\/sitio\/wp-json\/wp\/v2\/pages\/1182\/revisions"}],"predecessor-version":[{"id":2784,"href":"https:\/\/isfdalmafuerte-bue.infd.edu.ar\/sitio\/wp-json\/wp\/v2\/pages\/1182\/revisions\/2784"}],"wp:attachment":[{"href":"https:\/\/isfdalmafuerte-bue.infd.edu.ar\/sitio\/wp-json\/wp\/v2\/media?parent=1182"}],"curies":[{"name":"wp","href":"https:\/\/api.w.org\/{rel}","templated":true}]}}